{"id":1456,"date":"2025-03-18T19:10:18","date_gmt":"2025-03-18T18:10:18","guid":{"rendered":"https:\/\/dimark.co\/planet\/?page_id=1456"},"modified":"2025-03-25T17:47:46","modified_gmt":"2025-03-25T16:47:46","slug":"terminos-y-condiciones-referidos","status":"publish","type":"page","link":"https:\/\/dimark.co\/planet\/terminos-y-condiciones-referidos\/","title":{"rendered":"T\u00e9rminos y condiciones referidos"},"content":{"rendered":"\t\t<div data-elementor-type=\"wp-page\" data-elementor-id=\"1456\" class=\"elementor elementor-1456\" data-elementor-post-type=\"page\">\n\t\t\t\t<div class=\"elementor-element elementor-element-f380fc5 e-flex e-con-boxed wpr-particle-no wpr-jarallax-no wpr-parallax-no wpr-sticky-section-no e-con e-parent\" data-id=\"f380fc5\" data-element_type=\"container\" data-e-type=\"container\">\n\t\t\t\t\t<div class=\"e-con-inner\">\n\t\t<div class=\"elementor-element elementor-element-30b83a3 e-con-full e-flex wpr-particle-no wpr-jarallax-no wpr-parallax-no wpr-sticky-section-no e-con e-child\" data-id=\"30b83a3\" data-element_type=\"container\" data-e-type=\"container\">\n\t\t\t\t<div class=\"elementor-element elementor-element-8999bc9 exad-sticky-section-no exad-glass-effect-no elementor-widget elementor-widget-image\" data-id=\"8999bc9\" data-element_type=\"widget\" data-e-type=\"widget\" data-widget_type=\"image.default\">\n\t\t\t\t<div class=\"elementor-widget-container\">\n\t\t\t\t\t\t\t\t\t\t\t\t\t\t\t<img fetchpriority=\"high\" decoding=\"async\" width=\"800\" height=\"148\" src=\"https:\/\/dimark.co\/planet\/wp-content\/uploads\/2025\/01\/LOGO_PLANET-1024x190.png\" class=\"attachment-large size-large wp-image-129\" alt=\"\" srcset=\"https:\/\/dimark.co\/planet\/wp-content\/uploads\/2025\/01\/LOGO_PLANET-1024x190.png 1024w, https:\/\/dimark.co\/planet\/wp-content\/uploads\/2025\/01\/LOGO_PLANET-300x56.png 300w, https:\/\/dimark.co\/planet\/wp-content\/uploads\/2025\/01\/LOGO_PLANET-768x142.png 768w, https:\/\/dimark.co\/planet\/wp-content\/uploads\/2025\/01\/LOGO_PLANET.png 1370w\" sizes=\"(max-width: 800px) 100vw, 800px\" \/>\t\t\t\t\t\t\t\t\t\t\t\t\t\t\t<\/div>\n\t\t\t\t<\/div>\n\t\t\t\t<\/div>\n\t\t\t\t<div class=\"elementor-element elementor-element-ea6b90a exad-sticky-section-no exad-glass-effect-no elementor-widget elementor-widget-text-editor\" data-id=\"ea6b90a\" data-element_type=\"widget\" data-e-type=\"widget\" data-widget_type=\"text-editor.default\">\n\t\t\t\t<div class=\"elementor-widget-container\">\n\t\t\t\t\t\t\t\t\t<h4><b>T\u00e9rminos y Condiciones del Programa de Referidos de Planet Solar Colombia.<\/b><\/h4><p>\u00a0<\/p><div><ol><li><strong>Objetivo del Programa: <\/strong>El programa de referidos de Planet Solar Colombia tiene como objetivo<br \/>recompensar a aquellos que recomienden nuestros servicios a nuevas personas interesadas en instalar<br \/>soluciones solares. Los referidores deben cumplir con los requisitos establecidos para poder acceder a<br \/>las bonificaciones.<br \/><br \/><\/li><li><strong>Requisitos para Participar:<\/strong>Para que un referido sea v\u00e1lido, el referidor debe:<\/li><\/ol><ul><li>Registrar a la persona recomendada antes de la cotizaci\u00f3n y cierre del negocio. Si el referido no es registrado dentro del plazo establecido, no podr\u00e1 participar en el programa y no tendr\u00e1 derecho a la bonificaci\u00f3n correspondiente.<\/li><li>El referido deben estar interesado en conocer del sistema solar, eso se validar\u00e1 cuando se contacte. Se requiere solicitar la factura de energ\u00eda que es el dato esencial para iniciar el proceso de cotizaci\u00f3n.\u00a0<\/li><li>La bonificaci\u00f3n ser\u00e1 entregada al referidor una vez que el proyecto haya sido cancelado en su totalidad. Planet Solar Colombia se pondr\u00e1 en contacto tan pronto esto suceda.<br \/><br \/><\/li><\/ul><p><strong>El referidor deber\u00e1 presentarse en las oficinas de Planet Solar con los siguientes documentos:<\/strong><\/p><ul><li>C\u00e9dula de ciudadan\u00eda del referidor.<\/li><li>RUT (obligatorio para reclamar bonificaci\u00f3n).<\/li><li>Cuenta de cobro (nombre, c\u00e9dula, datos cuenta bancaria, concepto \u00abPago de bonificaci\u00f3n por referir al cliente XXX\u00bb, incluir n\u00famero de radicado del programa de referidos que le ser\u00e1 proporcionado al momento del registro).<\/li><\/ul><p><br \/><strong>3. Plazo para Cobrar la Bonificaci\u00f3n: <\/strong>El referidor tendr\u00e1 un plazo de 2 meses para cobrar la bonificaci\u00f3n<br \/>correspondiente a su referido. Si no se presenta a reclamarla dentro de este per\u00edodo, perder\u00e1 el derecho<br \/>a la misma.<br \/><br \/><strong>4. Exclusiones:<\/strong><\/p><ul><li>El programa de referidos no es v\u00e1lido si el referido no cumple con todos los requisitos establecidos.<\/li><\/ul><ul><li>Planet Solar se reserva el derecho de descalificar a cualquier referido que no cumpla con las condiciones mencionadas o si se detecta fraude en el proceso.<br \/><br \/><\/li><\/ul><ol start=\"5\"><li><strong> Aceptaci\u00f3n de T\u00e9rminos:<\/strong>Al participar en el programa, el referidor acepta estos t\u00e9rminos y condiciones, y se compromete a cumplir con todas las disposiciones establecidas en los mismos.<\/li><\/ol><\/div>\t\t\t\t\t\t\t\t<\/div>\n\t\t\t\t<\/div>\n\t\t\t\t\t<\/div>\n\t\t\t\t<\/div>\n\t\t\t\t<\/div>\n\t\t","protected":false},"excerpt":{"rendered":"<p>T\u00e9rminos y Condiciones del Programa de Referidos de Planet Solar Colombia. \u00a0 Objetivo del Programa: El programa de referidos de Planet Solar Colombia tiene como objetivorecompensar a aquellos que recomienden nuestros servicios a nuevas personas interesadas en instalarsoluciones solares. Los referidores deben cumplir con los requisitos establecidos para poder acceder alas bonificaciones. Requisitos para Participar:Para que un referido sea v\u00e1lido, el referidor debe: Registrar a la persona recomendada antes de la cotizaci\u00f3n y cierre del negocio. Si el referido no es registrado dentro del plazo establecido, no podr\u00e1 participar en el programa y no tendr\u00e1 derecho a la bonificaci\u00f3n correspondiente. El referido deben estar interesado en conocer del sistema solar, eso se validar\u00e1 cuando se contacte. Se requiere solicitar la factura de energ\u00eda que es el dato esencial para iniciar el proceso de cotizaci\u00f3n.\u00a0 La bonificaci\u00f3n ser\u00e1 entregada al referidor una vez que el proyecto haya sido cancelado en su totalidad. Planet Solar Colombia se pondr\u00e1 en contacto tan pronto esto suceda. El referidor deber\u00e1 presentarse en las oficinas de Planet Solar con los siguientes documentos: C\u00e9dula de ciudadan\u00eda del referidor. RUT (obligatorio para reclamar bonificaci\u00f3n). Cuenta de cobro (nombre, c\u00e9dula, datos cuenta bancaria, concepto \u00abPago de bonificaci\u00f3n por referir al cliente XXX\u00bb, incluir n\u00famero de radicado del programa de referidos que le ser\u00e1 proporcionado al momento del registro). 3. Plazo para Cobrar la Bonificaci\u00f3n: El referidor tendr\u00e1 un plazo de 2 meses para cobrar la bonificaci\u00f3ncorrespondiente a su referido. Si no se presenta a reclamarla dentro de este per\u00edodo, perder\u00e1 el derechoa la misma. 4. Exclusiones: El programa de referidos no es v\u00e1lido si el referido no cumple con todos los requisitos establecidos. Planet Solar se reserva el derecho de descalificar a cualquier referido que no cumpla con las condiciones mencionadas o si se detecta fraude en el proceso. Aceptaci\u00f3n de T\u00e9rminos:Al participar en el programa, el referidor acepta estos t\u00e9rminos y condiciones, y se compromete a cumplir con todas las disposiciones establecidas en los mismos.<\/p>\n","protected":false},"author":1,"featured_media":0,"parent":0,"menu_order":0,"comment_status":"closed","ping_status":"closed","template":"","meta":{"footnotes":""},"class_list":["post-1456","page","type-page","status-publish","hentry"],"_links":{"self":[{"href":"https:\/\/dimark.co\/planet\/wp-json\/wp\/v2\/pages\/1456","targetHints":{"allow":["GET"]}}],"collection":[{"href":"https:\/\/dimark.co\/planet\/wp-json\/wp\/v2\/pages"}],"about":[{"href":"https:\/\/dimark.co\/planet\/wp-json\/wp\/v2\/types\/page"}],"author":[{"embeddable":true,"href":"https:\/\/dimark.co\/planet\/wp-json\/wp\/v2\/users\/1"}],"replies":[{"embeddable":true,"href":"https:\/\/dimark.co\/planet\/wp-json\/wp\/v2\/comments?post=1456"}],"version-history":[{"count":7,"href":"https:\/\/dimark.co\/planet\/wp-json\/wp\/v2\/pages\/1456\/revisions"}],"predecessor-version":[{"id":1534,"href":"https:\/\/dimark.co\/planet\/wp-json\/wp\/v2\/pages\/1456\/revisions\/1534"}],"wp:attachment":[{"href":"https:\/\/dimark.co\/planet\/wp-json\/wp\/v2\/media?parent=1456"}],"curies":[{"name":"wp","href":"https:\/\/api.w.org\/{rel}","templated":true}]}}